+ -23865?
-23858
In base 2, what is -1111011010100111 + -1101100110?
-1111101000001101
In base 14, what is 1b0b449 - 59?
1b0b3d0
In base 9, what is -15186745 - -17?
-15186727
In base 7, what is -20102 - 16215?
-36320
In base 14, what is 1 + a723c52?
a723c53
In base 11, what is -51071a4 - -9?
-5107196
In base 5, what is -233224 + 12?
-233212
In base 9, what is -667662 + -5?
-667667
In base 9, what is 1781877 + -85?
1781782
In base 6, what is -30313525324 - 5?
-30313525333
In base 10, what is -11 + 3545320?
3545309
In base 8, what is 10545 - 43654?
-33107
In base 3, what is -101212200120 - 10102110?
-102000010000
In base 12, what is 2335003 - -1?
2335004
In base 5, what is -4 + -103133401?
-103133410
In base 4, what is -1200000 + 101?
-1133233
In base 9, what is 4 - 8662300?
-8662285
In base 4, what is 332120 - 20313332?
-13321212
In base 2, what is -11 + -111001111110011011101?
-111001111110011100000
In base 4, what is 2302 + 30332021000?
30332023302
In base 9, what is -54776 + -276?
-55163
In base 11, what is 195a37 - 65?
195982
In base 8, what is 103634 - -317?
104153
In base 8, what is 24774140 + -3?
24774135
In base 5, what is -1423131241334 + 1?
-1423131241333
In base 7, what is -2104356615 - 3?
-2104356621
In base 15, what is 50291317 - 3?
50291314
In base 14, what is -cd + -12793?
-12882
In base 12, what is 2620a4 - -37?
26211b
In base 9, what is -153138030 - -4?
-153138025
In base 8, what is 7256 + -41371?
-32113
In base 8, what is -625352370 - -1?
-625352367
In base 4, what is 1 - -10011131200?
10011131201
In base 10, what is -4 + 3485786?
3485782
In base 5, what is 2330042300132 - 1?
2330042300131
In base 14, what is da + -258?
-15c
In base 10, what is 4189 + -5388?
-1199
In base 8, what is 17332 + -1327?
16003
In base 10, what is 394490 + -17?
394473
In base 12, what is 3568341 - 14?
3568329
In base 4, what is -211 - -2303030003?
2303023132
In base 6, what is -215 - 133452445?
-133453104
In base 4, what is 131013132 - 1220?
131011312
In base 7, what is 366 - -24440351?
24441050
In base 9, what is -415677 + -857?
-416645
In base 14, what is -719 + 1174c2?
116ba7
In base 13, what is -201397 - -21?
-201376
In base 7, what is 1 + -362212?
-362211
In base 14, what is 2b6700 + -23c?
2b64a2
In base 11, what is -213 - -1456a?
14357
In base 9, what is -13548601 + 14?
-13548576
In base 15, what is -58b + -87e2?
-8d7d
In base 10, what is 1347358 - -203?
1347561
In base 9, what is -22250245 - -3?
-22250242
In base 8, what is 341 + -4563233?
-4562672
In base 8, what is -2 + -21023341?
-21023343
In base 13, what is -9c9 - 2263?
-2c5c
In base 12, what is 86933 + 89?
86a00
In base 11, what is -3 + -a190996?
-a190999
In base 14, what is -165c70 + 21a?
-165a54
In base 13, what is -555779 - 45?
-5557c1
In base 5, what is 4 - -433200133103?
433200133112
In base 5, what is 0 + 104323342?
104323342
In base 11, what is -415 + 5160a8?
515793
In base 15, what is -105ace + 3?
-105acb
In base 12, what is 17b09 - 116?
179b3
In base 11, what is -16418a9 + -27?
-1641925
In base 2, what is -1110110100101 + -1101110110011?
-11100101011000
In base 4, what is -1233200113 - 211?
-1233200330
In base 3, what is -2200 + 220200011000221?
220200010221021
In base 3, what is -11202000202 - 20020?
-11202020222
In base 13, what is 53923 - -382?
53ca5
In base 3, what is 1 - -2001000202000?
2001000202001
In base 6, what is -2 + 1120523355?
1120523353
In base 8, what is 37135 - -1263?
40420
In base 2, what is 10000011011100 - -100001?
10000011111101
In base 11, what is 1 - 817065?
-817064
In base 3, what is 1 + -20200010100212?
-20200010100211
In base 7, what is -20345522 + -6?
-20345531
In base 6, what is -43105353 + -231?
-43110024
In base 11, what is -2326838 - -25?
-2326813
In base 3, what is 22201011201120 - 221?
22201011200122
In base 3, what is -122121000122211 + 11?
-122121000122200
In base 12, what is -2890 - -1507?
-1385
In base 2, what is -11 - 1010100100001001110011?
-1010100100001001110110
In base 12, what is 65481111 - -2?
65481113
In base 4, what is 0 - 332111210031?
-332111210031
In base 11, what is -3 + a051748a?
a0517487
In base 5, what is 110 + 144143231?
144143341
In base 13, what is -201ac358 + 3?
-201ac355
In base 6, what is 224314 - 15054?
205220
In base 5, what is 3 + -2104143300?
-2104143242
In base 7, what is -1 + -236606100?
-236606101
In base 8, what is 437 - 2026723?
-2026264
In base 15, what is 1d60 - 200?
1b60
In base 9, what is -37 - -1153250?
1153212
In base 4, what is 33 + -3000220323?
-3000220230
In base 16, what is -2 + -40c824e?
-40c8250
In base 3, what is -1100 - -21001122111102?
21001122110002
In base 14, what is 17 - 505524?
-50550b
In base 12, what is 2 - 4bb628?
-4bb626
In base 3, what is 22011 - -2021102001?
2021201012
In base 10, what is 992 + 29006?
29998
In base 13, what is -16810 - -549?
-16294
In base 16, what is e4ac7 + 3c?
e4b03
In base 4, what is -11 + -11130203102?
-11130203113
In base 4, what is 0 - -20323112201?
20323112201
In base 9, what is -22 + 144315?
144283
In base 13, what is -a8 - -c00ba1?
c00ac6
In base 6, what is -5220 - 403310?
-412530
In base 6, what is -102 + -2055415?
-2055521
In base 14, what is 3 - -cb872?
cb875
In base 7, what is 5 + -44065511?
-44065503
In base 7, what is 56611 + -330112?
-240201
In base 9, what is -3617822 + 5?
-3617816
In base 6, what is 21 - 30310250?
-30310225
In base 14, what is -477d5 - -23?
-477b2
In base 14, what is -1 - -2b72b0a?
2b72b09
In base 13, what is -533a + 1303?
-4037
In base 13, what is 157c10 + -6?
157c07
In base 12, what is 2864 + 76?
291a
In base 7, what is 5166 + -112231?
-104032
In base 15, what is -2dec2e - 10?
-2dec3e
In base 16, what is 4913f + 1a6?
492e5
In base 5, what is 0 + -102312140413?
-102312140413
In base 6, what is 1101 - -111505?
113010
In base 5, what is 11120310212112 - 4?
11120310212103
In base 11, what is -534970 - -49?
-534922
In base 8, what is 1454223325 - -5?
1454223332
In base 8, what is 1555155 + -4515?
1550440
In base 11, what is 2383 - 8501?
-6129
In base 5, what is -2203344 - -110301?
-2043043
In base 16, what is -863f6 + -43e?
-86834
In base 10, what is 0 + -226706162?
-226706162
In base 3, what is -1 + -200010121001011?
-200010121001012
In base 6, what is -121402420 - -13?
-121402403
In base 4, what is 2020032 - -1131?
2021223
In base 16, what is 9bc1296 + 2?
9bc1298
In base 15, what is 1 - -11036da?
11036db
In base 7, what is 34054 + 536?
34623
In base 3, what is -1011 - -22120212100102?
22120212022021
In base 8, what is 420 - 4547540?
-4547120
In base 3, what is -1 - -11102201122002?
11102201122001
In base 4, what is 3210111 + 1122303?
10333020
In base 16, what is -23626 + -339?
-2395f
In base 11, what is 66 + 45703?
45769
In base 6, what is -23323 - 1503?
-25230
In base 6, what is -24340 - 3544424?
-4013204
In base 10, what is 4 - 74495816?
-74495812
In base 2, what is 11111100010100 + 110110101000111?
1010110001011011
In base 10, what is -136 - 221560?
-221696
In base 7, what is -12 + 210301554?
210301542
In base 5, what is -30133314 + 30?
-30133234
In base 16, what is -f28e48 + 5?
-f28e43
In base 14, what is -b76 - -1ad?
-9a7
In base 9, what is 7454174 - -44?
7454228
In base 4, what is -22202303120 - 10?
-22202303130
In base 15, what is dd7 + -20?
db7
In base 7, what is 4 - 103105114?
-103105110
In base 8, what is -22327173 + -3?
-22327176
In base 8, what is -74653406 - 5?
-74653413
In base 15, what is 132672 - 790?
131dd2
In base 2, what is 100010000111001010111 + -1000100?
100010000111000010011
In base 6, what is -320 - -1250055?
1245335
In base 5, what is 2022000 + -21321?
2000124
In base 8, what is 36376241 - 5?
36376234
In base 11, what is 8 - -3064900?
3064908
In base 8, what is 4 - 265257701?
-265257675
In base 5, what is -2001100101 - 123?
-2001100224
In base 2, what is 10010000000000010000 + 10?
10010000000000010010
In base 3, what is -12121101210202010102 + 0?
-12121101210202010102
In base 8, what is -31364655 - -6?
-31364647
In base 15, what is 12e4989 + -1?
12e4988
In base 8, what is -145445707 - 6?
-145445715
In base 8, what is 217665133 - -17?
217665152
In base 8, what is -212014 - -20410?
-171404
In base 9, what is 62727768 + -8?
62727760
In base 3, what is -11112000 - -10121002?
-220221
In base 5, what is -13013101